Suppose -k = -p*k - 19*k. Suppose k = -4*t + 6*t - 100. Calculate the remainder when t is divided by 15.
5
Suppose 15*r + 510 = 2*q - 127, 4*q - r - 1071 = 0. What is the remainder when 360 is divided by q?
94
Suppose -44 = -9*z + 82. Suppose -c + 279 - 42 = 0. What is the remainder when c is divided by z?
13
Suppose -24*h - 497 = -31*h. Let w = h + 23. What is the remainder when w is divided by 16?
14
Let s = 127 + -57. Suppose -s*h + 3 = -69*h. What is the remainder when 91 is divided by (96/(-9) + h)/((-4)/24)?
45
Suppose -4*k = -3*g - 91, -4*k + 4*g + 22 + 70 = 0. Calculate the remainder when 46 + 6 - 128/(-16) is divided by k.
16
Let y(j) = j**2 + j - 1. Let i be y(0). Calculate the remainder when 45/6*(-112)/(-24) is divided by (2*(-10 - -1))/i.
17
Suppose -8*l - 108*l + 1160 = 0. Calculate the remainder when 329 is divided by l.
9
Let y be (269 - 1)*(-9 - 85/(-10)). Let p = 229 + y. What is the remainder when p is divided by 24?
23
Suppose -60 = -202*z + 208*z. What is the remainder when (0 - z - 11)*-19 is divided by 9 + (2 - (-2)/(-2))?
9
What is the remainder when (-126)/(-36)*888/42 is divided by (9/((-27)/42))/(0 - 2)?
4
Suppose 30*t = -0*t - 44*t + 7104. Calculate the remainder when 1243 is divided by t.
91
Let i = -1045 - -1141. What is the remainder when 200 is divided by i?
8
Let o be 3/6 - 10/(-4). Suppose 4*j - 4*u - 364 - 320 = 0, -2*j - o*u = -332. Let p(m) = 5*m**2 + 33*m - 110. Calculate the remainder when j is divided by p(3).
33
What is the remainder when (4575 + (-3 - 2))*(-4)/(-10) is divided by 263?
250
Let c = -414 - -835. What is the remainder when c is divided by 17?
13
Suppose 5*i + 7*i - 2064 = 0. Let o = -164 + i. Calculate the remainder when 87 is divided by o.
7
Let k(m) = m**3 + 58*m**2 - 1866*m + 46. What is the remainder when k(-81) is divided by 131?
27
Let z(y) = 53*y**2 + y. Suppose -2 = 7*a + 5. Calculate the remainder when z(a) is divided by ((31 - -2)/(-3))/(-3 - -2).
8
Calculate the remainder when 1332 is divided by (-3*(0 + 1))/(6*8/(-3008)).
16
Let z = 1989 - 1942. Suppose 0 = -0*k + 3*k - 60. Let n = 36 - k. Calculate the remainder when z is divided by n.
15
Let n be 1*3 - 6/(-5 + 11). Let m(y) = 2*y**n - 5 + y**2 + 4*y + 4 + 0*y**2. What is the remainder when m(6) is divided by 19?
17
Let g = 13 + -9. Let k = g - -2. Let s(m) = -m**3 + 13*m**2 - 9*m - 27. Calculate the remainder when s(12) is divided by k.
3
Suppose 0 = 3*s - 164 + 11. Let h = 53 - s. What is the remainder when 7 is divided by h?
1
Let c be ((-2)/5)/(206/(-3090)). Suppose 0 = 2*v - 10 + 2. Suppose -v*q + c = -3*q. What is the remainder when 9 is divided by q?
3
Let r = -37 + 13. Suppose 2*y - 44 = -32. What is the remainder when 22 is divided by (-8)/r + 76/y?
9
Let t(l) = 21*l**2 + 73*l + 390. Calculate the remainder when t(-5) is divided by 92.
90
Let v = -35027 - -35291. What is the remainder when 8447 is divided by v?
263
Let o(w) = -2*w - 3. Let t be o(-2). Suppose -22*j + 17 + 49 = 0. Calculate the remainder when 43 is divided by t/(3*j/99).
10
Let l(b) = 4*b**2 - 3*b. What is the remainder when l(3) is divided by 2/(-6)*-2 + 19 + (-330)/198?
9
Let u = -6579 - -6959. Calculate the remainder when u is divided by 191.
189
Let s = -48 - -101. Let b = 110 - s. Suppose -2*w + 50 = -0*w - 4*p, -3*w - 3*p = -b. Calculate the remainder when w is divided by 11.
10
Suppose 7*u - 9*u = -19*u. Suppose -k + 4*j + 30 = u, -6*k + 5*j = -5*k - 33. Calculate the remainder when 106 is divided by k.
16
What is the remainder when 1041 is divided by (10 + (-616)/(-33))/(2/18)?
9
Let h = -16139 - -16500. Calculate the remainder when h is divided by 175.
11
Let a(o) = -36*o**2 + 78*o + 7. What is the remainder when 2654 is divided by a(2)?
13
What is the remainder when (-4)/20 + ((-93)/9)/(65/(-234)) is divided by (-88)/(-6) + (-2)/3?
9
Let n(h) = -5*h**2 + 415*h + 125. Calculate the remainder when 360 is divided by n(83).
110
Let p(s) = 7*s**2 + 17 + 23*s - 13 - 24*s. Calculate the remainder when p(3) is divided by 11.
9
Let u(w) = w**3 - 521*w + 2622. Suppose 12 = -2*i + 108. Calculate the remainder when u(5) is divided by i.
46
Let a(y) = 2*y**2 - 10*y + 21. Suppose j - 70 = 61. Calculate the remainder when j is divided by a(6).
32
Suppose 2*o - 4*o = 8, z = -4*o - 72. Let a = 53 + z. What is the remainder when 13*(2 - 3 - a) is divided by 16?
10
Let a = -2457 + 2481. Suppose -t - 790 = -5*p - 0*t, 0 = 5*p + 4*t - 815. Calculate the remainder when p is divided by a.
15
Let m(o) = -26*o - 1064. Suppose 17*r = 5*r + 816. Calculate the remainder when r is divided by m(-43).
14
Let z(b) = -b**3 - 16*b**2 - 24*b - 32. Let s be z(-15). Suppose -i = s + 154. Let q = -180 - i. Calculate the remainder when q is divided by 14.
7
Suppose 0 = 100*t + 9505 - 103505. Calculate the remainder when t is divided by 37.
15
Let b = 25262 - 23665. What is the remainder when b is divided by 146?
137
What is the remainder when ((-48)/(-32))/((-18)/(-7788)) is divided by 130?
129
Let t be (5/3)/(11/66). What is the remainder when 101 is divided by ((-48)/t - 2)/(2/(-5))?
16
Suppose -25*r + 4*h = -30*r + 727, 0 = 5*r + 3*h - 734. Let z = -17 - -28. Calculate the remainder when r is divided by z.
8
Let y(s) = -s**2 + 8*s + 6. Let r(k) = -36*k**2 - 178*k + 441. What is the remainder when r(-6) is divided by y(6)?
15
Suppose 4*m - 5*d = -m + 285, 3*m = 4*d + 166. Let f = m + -60. Suppose -93 = -5*i + 2*k, 3*k = -f*i - 2*i + 56. Calculate the remainder when i is divided by 5.
2
Suppose -10*k - 897 = -23*k. Calculate the remainder when k is divided by 22/(-88) - 290/(-8).
33
Let s(r) = 9*r**2 - 2*r - 1. Let w be s(-1). Suppose 563*u + 10800 = 833*u. Calculate the remainder when u is divided by 234/w + (-6)/15.
17
Let k(s) = -7*s + 6. Let m be k(-7). Suppose -m*v + 53*v = -4. Suppose 5*t - 51 = -3*o + 2*o, v*t = -5*o + 25. What is the remainder when 16 is divided by t?
6
Let q(s) = s**3 + s**2 + s - 186. Let z be q(0). Let p = z + 217. What is the remainder when p is divided by 12?
7
Suppose -113*r - 130*r = -3888. What is the remainder when 13695 is divided by r?
15
Suppose u - 17 = 7. Let s = 1264 - 1222. Calculate the remainder when s is divided by u.
18
Suppose 2*r = 5*y + 1, r + 44 = -4*y + 12. Let z(a) = -8*a + 95. Calculate the remainder when z(r) is divided by 32.
31
Let h(s) = s**3 + 4*s**2 - 5*s + 1. Calculate the remainder when 268/6*360/((-384)/(-16)) is divided by h(-4).
19
Suppose -2*t - 161 = -513. Let i = 61 + -48. Calculate the remainder when (-3*5/4)/((-22)/t) is divided by i.
4
Calculate the remainder when 889/42 + 6 - 2/12 is divided by (16 + 1 + -2)*6/10.
0
Calculate the remainder when 500 is divided by ((-98)/(-30) - 3)*912 - 448/(-560).
12
Let g(v) = 18*v + 42. Let f be g(25). Let s = -478 + f. Let x(d) = -8*d - 12. Calculate the remainder when x(-8) is divided by s.
10
Let m(q) = -q**3 - 9*q**2 - 6*q + 19. Let u be m(-8). Suppose -d - u*c = -5*c - 36, d + 2*c - 20 = 0. Calculate the remainder when 136 is divided by d.
24
Let x = -18871 + 19340. What is the remainder when x is divided by 304?
165
Let m = -23548 - -24076. Calculate the remainder when m is divided by 67.
59
Suppose 4*x + 0*k = -3*k - 241, -325 = 5*x - k. Calculate the remainder when (21/(-2))/(12/x) is divided by (2/3)/(-7 + (-401)/(-57)).
18
Let t be (-3)/(3 - 6)*2. Let w(a) = 8 + 115*a - 175*a + 143*a. Calculate the remainder when w(t) is divided by 22.
20
Calculate the remainder when 524 is divided by 6/(-45) + 46/207*4011/10.
79
Suppose 0 = 3*v + 5*m - 92, m - 234 + 134 = -4*v. Calculate the remainder when 2060 is divided by v.
20
Let u(i) = -165*i - 1597. What is the remainder when (-150 + -1)*(0 + -1) is divided by u(-10)?
45
Let z(x) = x**3 + 6*x**2 - 21*x - 11. Let w(u) = -3*u**2 - 11*u - 4. Let k be w(-4). Let d = -30 + 38. What is the remainder when z(k) is divided by d?
5
Let p(x) = -39*x. Let l be p(-1). Let d = l + -12. What is the remainder when d is divided by (3 - (-2 - -6)) + (-36)/(-4)?
3
Let v = -471 - -532. Calculate the remainder when 4024 is divided by v.
59
Let v be ((-9)/21)/((-2)/42). Let x(t) = -15*t**3 + 4*t**2. Let r be x(-3). Calculate the remainder when 123 is divided by (-12)/(-14)*r/v.
39
Let z(u) = 150*u + 66. Let w be z(4). Calculate the remainder